ue of (18 - 2) + -68 + 66?
14
What is the value of 6 + (-41 - (-9 + 13 - 7 - 6))?
-26
What is (6 + -2 + -5 + 5 - 2) + -2?
0
Evaluate 0 + -9 + 3 + 6 + -2 + 1.
-1
Evaluate -9 + 2 - (43 - 44).
-6
7 - ((10 - (4 + -1)) + -10)
10
Calculate -4 - (-1 + (-1 + 4 - 3) + 2).
-5
Evaluate -2 + (18 - 1 - 21).
-6
What is 1 + -1 + -14 - (31 - 30 - 4)?
-11
Evaluate 15 - (-183 - -188 - (3 - (-2 - -1))).
14
What is the value of (-22 + 15 - -20) + -8?
5
Calculate (11 - (-2 + 4)) + -12.
-3
Evaluate (-2 - 2 - -2) + 7 + -4.
1
(-9 - -17) + -19 - -19
8
What is -16 - -8 - -26 - (7 + 3) - -4?
12
What is (5 - 28) + 3 - (18 - (16 - -6))?
-16
-35 - -55 - (2 + 42)
-24
(-45 - -34 - 28) + 25
-14
What is (-16 - (-25 + 17)) + 18 - 4?
6
38 + (-13 + -4 - -10 - 9)
22
What is the value of -19 + (58 - -2) - (4 - -8)?
29
What is the value of -109 + 117 - (15 + -2)?
-5
What is the value of -2288 - -2292 - (2 + -2 - -1)?
3
What is the value of 5 + (6 - ((-10 - 2) + 10))?
13
Evaluate -389 + 389 + (1 - -20).
21
What is the value of -11 + 9 + (12 - 1) + -1?
8
What is the value of -16 + 22 + -5 + 7?
8
Calculate -53 - (51 + -40) - -34.
-30
Evaluate 16 + 14 + -16 + 13 + -1.
26
What is the value of (39 - (8 + -3)) + -8?
26
What is -10 - (4 - 20 - -6) - -6?
6
What is -248 - -232 - (-37 + 4)?
17
What is 2 - (-2 - 0) - (0 - -2 - -2)?
0
What is the value of 4 + 4 + -4 + 4 + -8?
0
What is (-2 - 2 - -4 - 0) + (2 - 5)?
-3
What is the value of 3 - (16 + -21 + 11)?
-3
Calculate (2 - (-8 - -6) - -2) + (-7 - -1).
0
Evaluate 2 - 22 - (409 - 414).
-15
Calculate -2 + (-5 - -2 - (21 + -18)).
-8
(-4 - 1) + (-6 - -1) + 3 + 22
15
What is the value of 10 + -7 - (-1 + -4 - (6 + -18))?
-4
(-49 - -50) + (2 + -9 - 2) - -7
-1
What is -76 - -83 - (3 + -6)?
10
(25 + -15 - -5) + -28 + 35
22
Evaluate -43 - -22 - (-17 - -2).
-6
What is the value of 12 - (35 - 11) - -13?
1
3 + (16 - 2) + (0 - (6 - 2))
13
What is the value of (-1 - 11) + (5 - 1) - -17?
9
Calculate -12 + 13 + (-18 - -6 - -9).
-2
What is 10 + (6 - (4 + -11 + 23))?
0
What is -763 - -796 - (-2 + 34)?
1
Calculate -38 - -49 - (2 - (7 + -5)).
11
What is 29 - (30 + (-1 - -13))?
-13
Calculate 2 + 0 - (34 - 18).
-14
1 - (5 - 11 - -13)
-6
3 + 2 + 3 + -18 + -3 + 22
9
0 + (18 - 0) + -13 - (25 + 1)
-21
(-2 - -13) + (18 - 13)
16
Calculate 4 - 8 - (3 + -4 - (-2 - 4)).
-9
What is (33 - 25) + (7 - 3 - (7 + -5))?
10
Evaluate (8 - 4) + -27 + -1 + 3 + 7.
-14
Evaluate -22 - (-43 + -13 + 43).
-9
Evaluate (-15 - -12 - (11 + 0)) + 4 + -4.
-14
What is 11 + -8 + -14 + (3 - 2 - 5)?
-15
What is the value of -14 + (10 - 3 - -3) + -9?
-13
What is the value of (2 - 12) + -6 + 21 + -4?
1
What is the value of 7 + (-4 + -1 - (20 - 31)) - -10?
23
-11 - -4 - (-11 + -1)
5
Calculate (2 - 5) + -2 + (5 - (18 - 13)).
-5
24 + -36 + 1 + 0 + 14
3
What is the value of (-22 - (-3 + -11 + 7)) + 38?
23
Evaluate (0 - (-1 + -1)) + (91 - (-97 - -214)).
-24
What is 18 - (-5 + (11 - 1))?
13
Evaluate 12 + -8 + -7 - -12.
9
Calculate -6 + 3 + -4 + 8 + (3 - 36).
-32
What is the value of 8 - (-2 + 25 - (52 - 50))?
-13
Evaluate 2 + (-2 - (1 + -24)) - (-77 + 78).
22
What is -5 + -4 + 0 + (-6 - -7) - 8?
-16
What is -5 - (-10 + (-2 - -7)) - -13?
13
What is the value of 7 - 8 - -1 - (5 - (5 - 5))?
-5
-2 + -2 + 4 - ((2 - -4) + 1)
-7
What is the value of -31 - (30 + -52) - -20?
11
7 + (-2 - -26 - -4) + -1
34
What is the value of (127 - 107) + -4 + -8 + 4?
12
Calculate -7 + (-7 + (8 - 2) - (0 - 5)).
-3
Evaluate 237 - 246 - (-17 + (1 - 2)) - -8.
17
Evaluate 0 + 5 + -4 - -17.
18
What is the value of 22 + -29 + 13 - (5 - 3)?
4
What is 12 + (-1 + -5 - (2 - (5 - 1)))?
8
What is the value of 3 - -2 - (10 + -4)?
-1
What is 57 - (0 - -56) - (-1 - (-4 + -1))?
-3
Evaluate -4 + (9 - (-2 + 6)) + -4 + -7.
-10
Calculate (6 - 11) + (4 - 1) + -6.
-8
Calculate -28 + (16 - 10 - -18).
-4
1 + (-10 - (-47 + 16))
22
Evaluate -61 + 3 + (-121 - -149).
-30
10 - (7 + 5) - -12
10
Calculate -8 + 7 + 8 + (12 - 5).
14
What is (-43 - -65) + (-14 - (-7 + 3))?
12
(-2 - (-2 + 4)) + -2 + 14 + -24
-16
2 + -21 + (-11 - -14)
-16
What is (89 - 80) + 1 + -16 - -10?
4
What is (-17 - -42 - 28) + -4 + 1?
-6
What is the value of -8 + (-7 + (3 + 5 - 3) - 0)?
-10
What is (-83 - -55) + 43 + (5 - 0) + 0?
20
Calculate (15 - (3 + 3 - 4)) + -4 - -2.
11
What is the value of 130 + -121 + (1 - (1 + 23 - 0))?
-14
Evaluate (-3 - (-8 - (1 + -21))) + 16.
1
What is the value of -25 + (19 - 30) - -18?
-18
What is the value of -25 - -22 - (-2 - 0) - 1?
-2
What is the value of -4 - ((11 + -9 - 7) + 3 + 2)?
-4
What is the value of -8 + (16 + -20 - (2 + 0)) + 16?
2
What is the value of (13 - (-25 - -49)) + -13?
-24
What is -15 + -7 + 11 - -18 - 33?
-26
Evaluate 21 + -44 + 67 + -7.
37
What is -2 + 6 - (4 + (-3 - (-13 + 0)))?
-10
What is the value of (-2 - (-24 - -4)) + (9 - 55)?
-28
-45 + -3 - (39 + -59)
-28
What is the value of -24 + -4 + 14 + 7 + -14?
-21
Calculate -4 + 9 + -3 + (491 - 481).
12
What is the value of (-19 - -22) + -26 + 27?
4
-1243 + 1229 + (26 - 1)
11
Evaluate 6 - (1 + 13 + 1 + (6 - 0)).
-15
What is the value of (-11 - (7 + (4 - 9) - 7)) + 20?
14
What is -25 - -20 - -4 - -1?
0
What is (-8 - -1) + (8 - (13 + -4) - -8)?
0
13 + (-15 - (24 + -10)) - (-11 + 3)
-8
Calculate 23 + -5 + -1 + 3 + -10.
10
Calculate 175 + -166 - (-6 + 1).
14
What is the value of 3 - (-14 + 4 + 2 + -2) - 0?
13
What is the value of (8 + 3 - 17) + 21?
15
What is 95 - 92 - ((-10 - -37) + (1 - 6))?
-19
-22 + 12 + 1 + (65 - 85)
-29
Evaluate -35 + 32 + (-25 - -7).
-21
-5 + (2 + (-18 - -12) - (-2 + 0))
-7
What is 5 - (-9 + -1 + -1 + 3 + 2)?
11
Evaluate -6 - (0 + -4 + -4) - -5.
7
What is 7 + (0 + 16 - 7)?
16
Calculate 7 + (-8 - (-10 - -10)) - 11.
-12
Calculate -1 - -29 - (-137 + 149).
16
What is the value of (9 + -12 + -3 - -11) + 0 + -9?
-4
Calculate (-24 - 0) + (-42 - -58).
-8
20 - -5 - (42 + -27)
10
Evaluate 1 + 8 + -24 + 6 + 12.
3
9 + 1 + (-8 - 10)
-8
Calculate (-42 - -74) + -9 - 21.
2
(-41 - 28) + 11 + 27
-31
What is 3 + -6 + (-3 - -1 - 5) + 3?
-7
Calculate -1 - ((-11 - -6) + 3).
1
(-31 - 7) + -1 + 6 + -7 + 12
-28
Evaluate -16 + 0 + (-17 - -15) + -2 + 4.
-16
What is (1 + -1 - -7) + (-118 - -125)?
14
What is the value of -71 + 63 - (1 + 10 - 2)?
-17
What is the value of -12 + 24 - -11 - 13?
10
What is the value of 19 + ((-22 - -38) + -6 - (4 + -1))?
26
Calculate (-30 + 43 - 34) + 2 + -2.
-21
What is 0 + -10 - (-20 - (3 - 21))?
-8
Calculate -2 - ((5 - (-5 + 5)) + -2 + -2).
-3
What is 8 - (2 + -4 - (4 - 5))?
9
What is the value of (-2 - (-3 + (-2 - 2) + 4)) + -4?
-3
Evaluate -7 - (-14 - (-14 + (-8 - 1))).
-16
Calculate (-2 - -1) + -1 - (-5 + (11 - 3)).
-5
What is the value of 17 + (10 - -3) + -20?
10
Calculate -16 + -7 + 18 + 6.
1
What is the value of -6 + (-6 + 1 - (-10 + 0 + 5))?
-6
Calculate 12 - (-17 - -37) - 9.
-17
What is the value of (11 + -38 - -19) + -5?
-13
What is 0 - (16 + -14) - (-5 + 3) - -14?
14
Calculate 0 + -1 + 2 + (0 - 3).
-2
What is the value of -19 - (-6 + -1) - 7?
-19
What is the value of 13 - (-7 + 40 - 3)?
-17
What is 2 + -1 + 17 + (-15 - (-37 - -31))?
9
Evaluate -2 - (-4 - (-3 + -6) - -7).
-14
What is -10 + 14 + (-17 - (-5 - (-7 - -3)))?
-12
Calculate (2 - 0 - (-14 + 15)) + -37 + 39.
3
What is -7 + 9 + 0 + 2 + -10?
-6
Evaluate (11 - 21) + 13 + -1 + -1.
1
Calculate -16 - (-6 + 15 + -8 - (-3 - -9)).
-11
What is the value of -15 + 0 + (-3 + 6 - 10)?
-22
Calculate -4 + (8 - 6) - (7 + -2) - 7.
-14
-1 + (7 - (-11 - -27))
-10
Calculate -10 + 4 + 11 - (6 + -23).
22
What is -9 - 4 - -17 - -10?
14
What is -23 - -8 - (67 - 77)?
-5
Evaluate -24 + (16 - 1) - -2.
-7
489 + -492 + (-1 - 0) + -2 + 32
26
24 + -20 + -5 - -19
18
Calculate 9 - (-9 + 18 - 9).
9
Calculate -24 + 6 + 15 + 6 + -16.
-13
Evaluate 0 - 2 - (9 + (13 - 31)).
7
Calculate -1116 + 1111 - (-9 + (-2 - -3)).
3
-2 + -1 - (-89 - -90)
-4
Evaluate (264 - 270) + (-2 - -9 - 0) + -19.
-18
Evaluate -2 + -6 + (13 - (-14 + 13)).
6
Calculate -172 + 156 - (-21 + 1) - 19.
-15
Calculate -4 - (-15 + 19 - (0 + 2 - 2)).
-8
(9 - 1) + -5 + -18 + 3 + 13
1
What is the value of -36 - (4 - (-17 - -40 - 7))?
-24
Evaluate -1061 + 1077 + -9 + 1 + 0.
8
Calculate 6 - ((-3 - 6 - -6) + -8).
17
What is the value of 0 - -3 - (9 + 4 - -11 - 5)?
-16
What is -25 + 0 + 7 + -1 + 4?
-15
Calculate (1 - -3) + (39 - 33) + -4 + 11.
17
Evaluate -7 + -3 + 3 + (6 - (8 + 3)